he highest common factor of 77 and 11?
11
What is the highest common divisor of 19 and 20919?
19
Calculate the greatest common divisor of 296 and 112.
8
What is the highest common factor of 497 and 14?
7
Calculate the greatest common divisor of 1224 and 504.
72
Calculate the highest common factor of 91 and 338.
13
What is the greatest common factor of 80 and 3195?
5
Calculate the greatest common divisor of 25545 and 65.
65
Calculate the greatest common factor of 424 and 742.
106
Calculate the highest common factor of 67 and 14137.
67
What is the highest common factor of 70 and 5870?
10
Calculate the greatest common factor of 39 and 14677.
13
What is the highest common factor of 4 and 438?
2
Calculate the greatest common divisor of 658 and 854.
14
Calculate the highest common factor of 34 and 26.
2
What is the greatest common divisor of 20 and 310?
10
Calculate the highest common divisor of 390 and 52.
26
What is the greatest common factor of 2567 and 68?
17
What is the highest common divisor of 4626 and 18?
18
Calculate the greatest common factor of 64 and 216.
8
Calculate the greatest common factor of 493 and 58.
29
What is the greatest common factor of 27 and 729?
27
What is the highest common factor of 14 and 8?
2
Calculate the greatest common divisor of 228 and 84.
12
Calculate the highest common factor of 8456 and 14.
14
Calculate the highest common factor of 28 and 238.
14
Calculate the highest common factor of 19904 and 448.
64
Calculate the greatest common divisor of 65 and 13.
13
Calculate the highest common factor of 256 and 4.
4
Calculate the greatest common divisor of 3473 and 161.
23
What is the highest common factor of 136 and 3383?
17
Calculate the highest common factor of 20 and 25.
5
What is the greatest common factor of 1586 and 122?
122
What is the greatest common factor of 45 and 26415?
45
Calculate the greatest common factor of 442 and 182.
26
Calculate the highest common factor of 4 and 9340.
4
Calculate the highest common divisor of 413 and 112.
7
What is the greatest common factor of 88 and 17798?
22
Calculate the greatest common divisor of 385 and 55.
55
What is the highest common factor of 12028 and 2716?
388
What is the greatest common factor of 43 and 559?
43
Calculate the greatest common factor of 14 and 12.
2
Calculate the greatest common factor of 62 and 3658.
62
What is the greatest common divisor of 225 and 720?
45
Calculate the highest common factor of 195 and 26.
13
Calculate the highest common divisor of 36 and 117.
9
What is the greatest common divisor of 6592 and 448?
64
What is the highest common divisor of 12 and 36?
12
What is the greatest common factor of 490 and 5635?
245
Calculate the greatest common divisor of 5008 and 80.
16
What is the greatest common factor of 54 and 6?
6
Calculate the greatest common factor of 533 and 41.
41
Calculate the highest common divisor of 2562 and 42.
42
What is the highest common factor of 354 and 6?
6
Calculate the highest common factor of 16 and 2024.
8
Calculate the greatest common factor of 323 and 57.
19
What is the highest common divisor of 141 and 188?
47
Calculate the highest common factor of 2891 and 49.
49
What is the highest common divisor of 236 and 1003?
59
What is the greatest common factor of 288 and 90?
18
Calculate the greatest common factor of 3526 and 82.
82
What is the greatest common divisor of 51 and 408?
51
What is the highest common divisor of 36 and 1368?
36
Calculate the highest common factor of 84 and 1428.
84
Calculate the greatest common divisor of 30 and 2775.
15
What is the highest common factor of 40 and 1970?
10
What is the highest common factor of 5848 and 8?
8
What is the highest common divisor of 25 and 625?
25
Calculate the greatest common divisor of 441 and 36.
9
Calculate the highest common divisor of 2272 and 64.
32
Calculate the highest common divisor of 64 and 1040.
16
What is the greatest common factor of 222 and 12?
6
Calculate the highest common divisor of 18462 and 181.
181
Calculate the greatest common factor of 975 and 6240.
195
Calculate the greatest common factor of 68 and 4.
4
What is the greatest common divisor of 5 and 3805?
5
Calculate the greatest common factor of 261 and 9.
9
What is the highest common factor of 2 and 2302?
2
What is the highest common factor of 48 and 78?
6
Calculate the highest common factor of 77 and 1276.
11
What is the highest common factor of 16 and 160?
16
What is the highest common factor of 1139 and 17?
17
Calculate the highest common divisor of 110 and 10.
10
Calculate the highest common factor of 7518 and 42.
42
Calculate the greatest common divisor of 55 and 4048.
11
Calculate the highest common divisor of 754 and 130.
26
What is the highest common factor of 2006 and 177?
59
Calculate the highest common divisor of 224 and 98.
14
What is the highest common factor of 11908 and 52?
52
Calculate the greatest common divisor of 7 and 1.
1
What is the highest common factor of 96 and 1784?
8
What is the highest common factor of 205 and 902?
41
Calculate the greatest common factor of 300 and 36.
12
What is the greatest common divisor of 20 and 7780?
20
What is the highest common divisor of 51 and 4233?
51
Calculate the highest common divisor of 84 and 812.
28
Calculate the highest common divisor of 400 and 32.
16
What is the highest common divisor of 120 and 440?
40
What is the greatest common divisor of 54 and 1566?
54
Calculate the greatest common divisor of 1333 and 279.
31
What is the highest common factor of 885 and 15?
15
Calculate the greatest common factor of 5 and 245.
5
What is the highest common divisor of 8 and 544?
8
What is the greatest common divisor of 9 and 23013?
9
Calculate the greatest common factor of 330 and 264.
66
What is the greatest common factor of 353 and 7?
1
Calculate the highest common divisor of 88 and 154.
22
Calculate the highest common factor of 80 and 7.
1
What is the greatest common factor of 15 and 220?
5
What is the greatest common divisor of 20 and 30?
10
What is the greatest common divisor of 72 and 360?
72
Calculate the highest common factor of 13 and 3107.
13
Calculate the greatest common divisor of 238 and 16660.
238
Calculate the greatest common factor of 416 and 13.
13
What is the highest common divisor of 29 and 5278?
29
What is the highest common factor of 5768 and 168?
56
What is the greatest common divisor of 60 and 45?
15
Calculate the greatest common factor of 340 and 425.
85
Calculate the highest common divisor of 256 and 16.
16
Calculate the highest common divisor of 4 and 92.
4
Calculate the highest common factor of 1271 and 62.
31
Calculate the greatest common factor of 56 and 3.
1
What is the greatest common divisor of 60 and 12?
12
What is the greatest common divisor of 559 and 39?
13
Calculate the greatest common factor of 840 and 600.
120
Calculate the highest common factor of 33 and 12639.
33
Calculate the greatest common divisor of 705 and 1128.
141
What is the highest common divisor of 3 and 267?
3
Calculate the greatest common divisor of 183 and 3904.
61
What is the greatest common divisor of 2656 and 16?
16
Calculate the highest common factor of 572 and 3172.
52
What is the highest common divisor of 30 and 1070?
10
What is the greatest common factor of 87 and 129?
3
What is the highest common divisor of 192 and 15168?
192
Calculate the greatest common factor of 13 and 62.
1
Calculate the greatest common factor of 131 and 3799.
131
What is the highest common factor of 2013 and 305?
61
Calculate the highest common factor of 18885 and 15.
15
What is the highest common factor of 5539 and 145?
29
Calculate the greatest common divisor of 24 and 12504.
24
Calculate the highest common divisor of 6958 and 196.
98
Calculate the greatest common divisor of 189 and 54.
27
Calculate the greatest common divisor of 351 and 18.
9
What is the highest common divisor of 13 and 187837?
13
Calculate the greatest common divisor of 1331 and 2.
1
What is the highest common factor of 7416 and 9?
9
Calculate the greatest common divisor of 19432 and 56.
56
What is the highest common divisor of 15 and 3?
3
Calculate the greatest common factor of 92 and 6716.
92
What is the greatest common divisor of 37 and 185?
37
What is the greatest common factor of 91